e highest common divisor of t and 2?
2
Let x(l) = -l**2 - 13*l + 9. Suppose 12 = -4*r - 36. Let z be x(r). What is the highest common divisor of 7 and z?
7
Let j be -5 - ((-28)/(-7) + 8*-2). Suppose 0 = -3*r - 5*y - 13 + 65, 4*r - 62 = -3*y. What is the greatest common factor of r and j?
7
Let s = -4 + 6. Let l(b) = 38*b**2 + b. Let c be l(s). Suppose 5*y - 3*h - 229 = 0, c = 3*y - h + 19. Calculate the greatest common divisor of y and 66.
22
Suppose -x + 26 = 4*x + 2*s, 4*s = -3*x + 24. Calculate the highest common factor of x and 4.
4
Suppose -48 = -3*u + x, -3*x - 13 = -2*u + 19. Let m be 2 + -2 + -2 + u. Calculate the greatest common divisor of 28 and m.
14
Let x(r) = 4*r + 8. Let t be x(6). Let b = 8 - -10. Suppose 66 - b = 3*d. What is the highest common divisor of t and d?
16
Suppose -3*o - o + 80 = 0. Calculate the highest common factor of 40 and o.
20
Let u = -1 + -2. Let o = u + 5. Suppose 34*v - 2 = 32*v. What is the highest common divisor of v and o?
1
Suppose 2*g = f - 5 - 15, -3*g - 9 = 0. Calculate the highest common factor of 70 and f.
14
Suppose 192 = -6*p + 8*p. Let v(c) = -c**3 - 4*c**2 + 4*c - 7. Let s be v(-5). Let k be ((-2 - -26)/s)/(-1). What is the highest common factor of k and p?
12
Let k(p) = 2*p**2 + 2*p + 3. Let t be k(-4). Suppose y = -4*b + 2*y + 39, 4*b + 4*y - 64 = 0. Let x = b + -8. Calculate the greatest common factor of x and t.
3
Let q be (-3)/6*90/(-1). What is the greatest common divisor of 9 and q?
9
Let x be (-2)/(-2)*1*6. Suppose 5*k - 3 = 17. What is the greatest common divisor of x and k?
2
Let m(i) = i**3 + 4*i**2 - 6*i + 8. Let f(y) = -y**3 + y - 1. Let x(t) = -2*f(t) - m(t). Let n be x(4). What is the highest common divisor of 2 and n?
2
Suppose -5*g = 0, -3*k + 2*g = -78 + 12. Let u be 1*108/2 - -1. What is the greatest common factor of k and u?
11
Suppose -4*v - 1 - 7 = 0. Let l be v + 0 + 3 + 41. Calculate the highest common factor of l and 6.
6
Let j = -24 - -25. Suppose -2 = -i - 1. Let x be j/(i + 152/(-154)). What is the greatest common factor of 11 and x?
11
Let c = -77 + 97. Calculate the highest common divisor of c and 60.
20
Let l be ((-2)/(-4))/(2/68). Let z = 48 - 248. Let i = -81 - z. Calculate the highest common factor of i and l.
17
Suppose 0 = 17*z - 16*z - 19. Calculate the highest common divisor of 304 and z.
19
Suppose t + 4*z - 8*z - 14 = 0, -2*t = -4*z - 44. Suppose 4*w - 80 = -0*w. Calculate the highest common factor of t and w.
10
Let i = 21 - -179. Calculate the greatest common factor of i and 40.
40
Let v(r) = -r + 16. Let s be v(4). Calculate the highest common factor of s and 84.
12
Suppose -z = -v + 34, z + 27 + 46 = 2*v. Suppose 4*s + 3*k + 0*k + 104 = 0, 0 = k + 4. Let a = v + s. Calculate the highest common factor of a and 8.
8
Let v(q) = 6*q**2 - q + 8. Let f be v(-6). What is the highest common divisor of 23 and f?
23
Suppose -5 = p - 2*p. Let o be (-3)/p + 58/5. What is the highest common factor of 11 and o?
11
Suppose -5*g = -2*f - 319, -267 + 11 = -4*g + 2*f. What is the greatest common divisor of 7 and g?
7
Let r(z) = -5*z**3 + z**2 + 3*z + 2. Let q(k) = 2*k + 2. Let y be q(-2). Let p be r(y). Calculate the highest common divisor of 16 and p.
8
Let m(t) = -t**2 - t + 1. Let f(j) = 2*j**2 + 3*j - 4. Let h(y) = -f(y) - 4*m(y). Let v be h(2). Calculate the greatest common factor of 90 and v.
10
Let f = -5 - -5. Suppose 3*b - 5*b + 96 = f. What is the highest common factor of b and 16?
16
Let a(h) = h**3 + 6*h - 10. Let j be a(4). Calculate the highest common divisor of j and 26.
26
Suppose -x = 183 - 526. Let h = x + -99. Let z = h - 163. Calculate the highest common divisor of 9 and z.
9
Suppose -4*o + j + 225 = -8*o, -j = -5*o - 270. Let p = 79 + o. What is the highest common divisor of 3 and p?
3
Suppose -20 = h + 3*h. Let q be 12/10*(16 - 6). Let g = q - h. What is the greatest common factor of 85 and g?
17
Let f be 0/((-2 - -3)*1). Suppose f = -3*y + 11 + 4. What is the greatest common divisor of 10 and y?
5
Let y(i) be the second derivative of 0 + 3/2*i**2 - i + 1/2*i**3. Let f be y(5). Calculate the greatest common factor of f and 45.
9
Let k be (14/(-8))/(2/(-8)). What is the greatest common divisor of 21 and k?
7
Suppose c - 13 - 1 = 0. Calculate the highest common divisor of c and 56.
14
Let n = 4 + 1. Suppose 4*h - v + 4*v - 14 = 0, v = h - 7. What is the highest common factor of n and h?
5
Suppose 0*d - 3*d = -198. What is the highest common divisor of 6 and d?
6
Suppose 2*v + 2*h + 8 = 0, -h + 1 = -4*v - 0*h. Let a be (-98)/(-4)*(-2)/v. Suppose 7*x - 28 = 3*x. What is the greatest common factor of x and a?
7
Suppose -63 = -5*c + a, 59 = 4*c - 4*a + 15. What is the highest common divisor of 143 and c?
13
Let d = 208 - 330. Let s = d + 182. Suppose 44 = 2*t + 4*l, 14 = -2*t + 4*t - 2*l. What is the highest common factor of s and t?
12
Let i = -35 + 83. Let w(p) = 2*p**2 + 1. Let o be w(-1). Suppose i = o*j + j. What is the highest common divisor of 4 and j?
4
Let w = 15 + -11. Suppose w*z + 52 - 16 = 0. Let s be (1 - 21/z)*3. What is the greatest common divisor of s and 40?
10
Suppose 0 = -5*y - 4*x + 65, 0 = -4*y + 2*x + 3*x + 11. What is the greatest common factor of y and 6?
3
Let y(a) = a + 5. Let n be y(4). Suppose -p = -3 - 0. Suppose -p*u + 71 = 17. What is the greatest common factor of n and u?
9
Suppose 5*b - 52 = 13. Suppose -17*g + 432 = -b*g. What is the highest common factor of 12 and g?
12
Let s = 44 - 18. Suppose 5*a - 3*a = 0. Suppose f = -a*f + s. What is the greatest common factor of f and 13?
13
Suppose v = -2*v + 150. Suppose 5*a - 5 - v = 0. Calculate the highest common factor of a and 66.
11
Let a be 4 - 2/1 - -124. Let c = 9 + -5. Let m be (-3 - (-39)/6)*c. What is the greatest common factor of a and m?
14
Suppose -3*o = 2*o - n - 3, 3*o - 4*n = -5. What is the highest common divisor of 4 and o?
1
Suppose 3*j = -2*k - 1, 2*j - 2*k - 14 = 2. What is the greatest common factor of 24 and j?
3
Let u(w) = w**3 + 10*w**2 - 10*w + 23. Let r be u(-11). What is the greatest common factor of r and 132?
12
Suppose 2*f = 5*b + 73, f - 6*b = -b + 34. Suppose 7*n - f = 4*n. Calculate the highest common factor of 104 and n.
13
Suppose -p + n = 3*n, 3*p = -3*n + 15. Suppose -2*h + 2*q = -p, h - q - 11 = 3*q. Let u be (52/h)/((-2)/(-6)). What is the greatest common factor of 13 and u?
13
Suppose 825 = 4*f - 5*t, -2*f = 4*t - 1 - 431. What is the greatest common factor of 30 and f?
30
Let q be (-1 - 31)/(4/(-6)). Let i be (-12)/(-21) + 572/77. What is the highest common divisor of q and i?
8
Suppose -21 = -s - 2*s. What is the highest common divisor of s and 7?
7
Suppose -l + 208 = 4*q - 5*l, -4*q - 4*l = -224. What is the greatest common divisor of 81 and q?
27
Let t be -5 - -2 - 2*2/(-1). What is the highest common factor of 9 and t?
1
Suppose 4 = 2*y - 6. Calculate the greatest common factor of 2 and y.
1
Suppose 4*m = -2*i + 48, 0 - 8 = -2*m. Calculate the highest common divisor of 144 and i.
16
Let x = 65 + -56. Calculate the greatest common factor of x and 9.
9
Let k = -34 - -58. Let z(x) = 2*x + 26. Let b be z(-7). What is the highest common divisor of b and k?
12
Let p be 1/(442/220 + -2). What is the greatest common factor of p and 10?
10
Suppose 0*i = i + 10. Let p be ((-4)/i)/((-2)/(-10)). Suppose -p*j = -0*v - 3*v - 45, -29 = -j - 5*v. Calculate the greatest common factor of j and 60.
12
Let m(n) be the first derivative of n**3/3 + 5*n**2/2 + 5*n - 3. Let w be m(-4). Calculate the greatest common divisor of 7 and w.
1
Let h = 69 - 4. Suppose -7*k = -2*k - h. Calculate the greatest common divisor of k and 104.
13
Let v be -2 - (-3*(-1)/3 + -52). Let m = -4 - -11. Calculate the highest common divisor of m and v.
7
Let n be 6/(-4) - 3/6. Let r be (40 + n)*(-11)/(-2). What is the highest common divisor of 19 and r?
19
Let v be 15*384/(-80)*(-42)/8. Calculate the greatest common factor of v and 42.
42
Suppose -3*f - 2*f = -4*y - 27, 0 = -2*f + 4*y + 6. Let i(r) = 38*r + 1. Let s = 0 - -2. Let p be i(s). What is the greatest common factor of f and p?
7
Let d(b) = b + 3*b**3 - b**2 - 2*b**3 + 152 + 67. Let k be d(0). Suppose -2*r - 39 + k = 0. Calculate the highest common divisor of 18 and r.
18
Suppose 302 = 11*x - 633. Calculate the h